it of h/7 - s/21?
2
Suppose -7*g + 11*g - 6815 = 5*f, 4*g - f = 6835. What is the hundreds digit of g?
7
Let h(i) be the second derivative of i**4/12 + 15*i**2/2 + 4*i. Let c be h(0). What is the units digit of 11*1 - 30/c?
9
Let q = 39 + 21. Suppose f - 26 = q. What is the units digit of f?
6
Let v(i) = i + 15. Let b be v(-15). Suppose 340 = -4*h + 8*h - 3*p, -4*h + 2*p + 340 = b. What is the tens digit of h?
8
Let p(h) = 2*h - 5. Let m be p(4). Suppose -11 = -m*g + 4. What is the units digit of g?
5
Suppose 0 = 5*z - 3*g + 42, z - 3*g = -8*g - 14. Let q(n) be the third derivative of -n**4/4 - n**3/2 + 2*n**2. What is the units digit of q(z)?
1
Let m = -1144 + 1988. What is the tens digit of m?
4
Let q(s) be the first derivative of -7*s**2/2 - 3*s + 7. Let w be q(-1). Suppose w*r - 141 = 127. What is the units digit of r?
7
Let f be 4/((-4)/1)*5. Let z(r) = 4*r**2 - 3*r + 7. What is the hundreds digit of z(f)?
1
Let l(h) = -h**2 - 8*h + 5. Let g be l(-8). Suppose -8*r + 5*r - 31 = -f, 0 = -3*f - 5*r + 93. Let c = f - g. What is the units digit of c?
6
Let i(f) = f**3 + f**2 + 2. Let k be i(0). Let u be -2*(1 + -2 - 51/34). Suppose -k*b = -g + 4 + 35, 204 = u*g - b. What is the tens digit of g?
4
Suppose -6*a + 1440 = -1158. What is the tens digit of a?
3
Let h = 36 + -36. Suppose -2*n + 102 + 28 = h. What is the tens digit of n?
6
Suppose 0 = 6*d + 3*d + 18. What is the hundreds digit of 2 - (-503)/4 - d/8?
1
Let j(p) = p**3 + p**2 + p + 3. Let n be j(0). Suppose 0 = -n*z - 0*z - 9. What is the units digit of (2 - -2) + z + 8?
9
Let v = -11 - -10. Let u = v - -23. Suppose 3*p - 8 = 5*p, 0 = o + 3*p - u. What is the tens digit of o?
3
Let p = -1 - 11. Let m = -20 - p. What is the units digit of 93*(m/3 + 3)?
1
Suppose -5*p + 7217 = -4*y, -25*y - 7223 = -5*p - 24*y. What is the thousands digit of p?
1
What is the hundreds digit of 19/(-12)*3*-136?
6
Suppose 7 = w + 2*w + 2*q, 4*w - q - 24 = 0. Suppose 0*v - 4*v = -w*h + 699, 4*h = -4*v + 588. What is the hundreds digit of h?
1
Suppose 3*y - 1507 = 4*z, 2*z + 471 + 533 = 2*y. What is the units digit of y?
1
What is the units digit of (-2934)/(-4) + (7/(-2) - -5)?
5
Let y = 3356 + 733. What is the hundreds digit of y?
0
Let p be (30/(-20))/(6/(-908)). Suppose -640 = x + 3*x. Let l = x + p. What is the units digit of l?
7
Let w(k) = 2*k**2 + 39*k + 366. What is the tens digit of w(-28)?
4
Let y(s) = s + 2. Let z be y(9). Suppose -3*f - 19 - z = 0. Let m = 19 + f. What is the units digit of m?
9
Let c(r) = 0*r**2 + 2*r + 2*r**2 - r**2. Let u be c(-5). Let z = u + 8. What is the tens digit of z?
2
Suppose -s = 3*a + a + 47, 3*a = -3*s - 24. Let b(u) = 14 - u**3 - 2 - 4*u**2 - 9*u**2 + 6. What is the tens digit of b(a)?
1
Let y = 75 - 75. Suppose y = u - 20 - 22. What is the units digit of u?
2
Let g = -216 + 419. Suppose 0 = -200*r + g*r - 552. What is the tens digit of r?
8
Let w be 0 - 45 - 3/9*0. Let u = w - -60. What is the units digit of u?
5
What is the thousands digit of -15*(-577)/3 - 9?
2
Let f(d) = -41*d + 38. What is the tens digit of f(-4)?
0
Suppose 2*p - 39 = 95. What is the tens digit of p/(-1*2/(-2))?
6
Suppose c - 2*i + 10 = 0, -5*i + 8 = -2. Let k = c + 10. What is the units digit of k?
4
Let d = 3 - 3. What is the tens digit of 29 + d/(-1) + (6 - 4)?
3
Suppose -3*q - 43 + 271 = 0. Suppose 194 = 3*t - j, t + 2 - q = -2*j. What is the tens digit of t?
6
Let y(j) = j**3 - 6*j**2 - 6*j - 5. Let f be y(7). Suppose 2*b - f*q - 84 = 0, -5*b - 44 + 262 = -q. What is the tens digit of b?
4
Let a be (0 - -1)/((-2)/(-4)). What is the units digit of a + (10 + -2)/1?
0
Suppose 0 = 4*l + 3*p - 21, 5*l - 3*p + p - 9 = 0. Suppose l*h - 17 = 3*c - 2, 5*h + 38 = -4*c. Let u = 10 + c. What is the units digit of u?
3
Suppose 9*w = 75*w - 443454. What is the tens digit of w?
1
Let j be ((-168)/(-63))/((-2)/(-3)). Suppose 57 = -j*f + 489. Suppose -3*c = -5*c + f. What is the tens digit of c?
5
Let z(x) = x**3 + 5*x**2 - 7*x - 1. Let m be z(-6). Suppose m*y - 4*y = -46. What is the units digit of (7/((-7)/y))/1?
6
What is the units digit of 9/72 - (-22206)/16?
8
Let w(g) = -g**3 + 19*g**2 - 12*g - 34. What is the tens digit of w(17)?
4
Suppose -3*f + 4*f = h + 53, -5*h = -4*f + 211. What is the units digit of f?
4
Let p = -221 + -72. Let f = -129 - p. What is the units digit of f?
4
Suppose 0*k + 4*k - q - 10396 = 0, -5*k + 12995 = -4*q. What is the units digit of k?
9
What is the tens digit of (-3017)/42*10*-3*1?
5
Let u = -20 + 25. Suppose 2*q = u*j + 231, -2*j = 4*q - 0*q - 474. What is the units digit of q?
8
What is the units digit of 5 + 5/(10/454)?
2
Suppose 0 = -16*m + 14*m + 120. Suppose -9*p + 30 = -m. What is the units digit of p?
0
Let v(h) = -2*h**2 - 25*h - 73. Let k be v(-6). Let y be 1*3*(-16)/(-3). Suppose 0 = j - y - k. What is the tens digit of j?
2
Suppose n = 4*n. Suppose n = 6*k + 238 + 506. Let r = k + 176. What is the tens digit of r?
5
Let d = 493 + -291. Suppose 2*j + 8 - d = 4*p, 4*p - 340 = -4*j. What is the tens digit of j?
8
Suppose -7*s + 287 = 1638. Let d = -132 - s. What is the tens digit of d?
6
Suppose b = -3 - 0. What is the units digit of (-20)/b*(-18)/(-4)?
0
Let m = -256 + 259. What is the units digit of m?
3
Suppose -3 = b - 4*i + 11, 20 = 4*i. Let a = b - 4. Suppose a*q - 78 + 18 = 0. What is the tens digit of q?
3
Suppose -l = -5*l + 12. Let c be (1/l)/(9/216). Let q(x) = -x**3 + 7*x**2 + 11*x - 10. What is the units digit of q(c)?
4
Let a be 1 - (-2 + 36/(-4)). Suppose g = -3*g - a. Let q = g + 11. What is the units digit of q?
8
Let m(k) = -k**2 + 11*k + 4. Let a(g) = -g + 5. Let p be a(-3). Let u be m(p). Let v = u - 20. What is the units digit of v?
8
Let i(y) = -y**3 + 17*y**2 + 27*y - 21. Let a be i(18). Suppose 0 = -3*h + 108 + a. What is the tens digit of h?
8
Suppose 12 = -8*n + 6*n. Let w = -29 + n. Let b = 58 + w. What is the units digit of b?
3
Suppose -x = x. Suppose -w + 119 - 40 = x. Suppose 4*l = 61 + w. What is the tens digit of l?
3
Suppose -5*x + 0*c = -3*c - 2718, -5*x - 3*c = -2742. Suppose 0*u + x = 7*u. What is the units digit of u?
8
Let h = -35 + 35. Suppose q = -4*z + 3*z + 17, h = -5*q - 25. What is the units digit of z?
2
Let h(f) be the second derivative of f**4/4 - f**3/3 - 3*f**2/2 + 24*f. Let w = -7 + 11. What is the tens digit of h(w)?
3
Let r = -213 - -744. What is the hundreds digit of r?
5
Let m = -402 - -975. What is the units digit of m?
3
Suppose -5 = 3*k + 184. Let r be 2/4 + k/(-18). Suppose 0 = 3*p - 9*z + r*z - 167, 44 = p - 4*z. What is the units digit of p?
4
Let v(m) = -m + 21. Let w be v(12). Let h be 1*w*(-4)/(-12). Suppose -h*n - n = -180. What is the tens digit of n?
4
Let m = 1189 - 404. What is the units digit of m?
5
Let m(i) = -10*i**2 + 7 - 11*i + i - i**3 - 16. Let h be m(-9). Suppose h = 2*x - 13 - 21. What is the units digit of x?
7
Let i be (6 + -5)/((-2)/4). Let t = 22 - i. What is the units digit of t/(-18) - (-20)/6?
2
Let l(r) = -r - 1. Let k = 31 + -32. Let x(h) = 25*h + 10. Let p(f) = k*x(f) - 15*l(f). What is the tens digit of p(-5)?
5
Suppose l - 5*l + 437 = 5*f, -l + 113 = 5*f. What is the units digit of ((-14)/3 + 2)/((-3)/l)?
6
Suppose -5*i - 4168 = -4*m, 1113 = 2*m - 4*i - 971. What is the units digit of m?
2
Let h(u) = -2*u**3 - 7*u**2 + 5*u + 11. What is the hundreds digit of h(-8)?
5
Let d be 465/60 + 6/16*-2. Suppose -d*q + 944 = 9*q. What is the units digit of q?
9
Suppose 15*g = 2864 + 3091. What is the tens digit of g?
9
Suppose 2*i - 5*u = 10, -7 = -4*i - 3*u + 39. Let f be i/45 - 43/(-9). Suppose 7*m - f*k - 98 = 3*m, -m + 3*k = -21. What is the units digit of m?
7
Let f be (-357)/(-49) - 6/21. Suppose 0 = f*x - 6*x - 30. What is the units digit of x?
0
Suppose -2 + 0 = -h. Suppose -h*t + 36 + 60 = 0. What is the units digit of t?
8
Suppose -8092 + 3146 = -f - 3*v, 4926 = f - 2*v. What is the thousands digit of f?
4
What is the units digit of (-56704)/(-144) + 2/9?
4
Let o(p) = p - 2. Let g = 7 - -1. Let i be o(g). Suppose -2*w - 16 = -i*w. What is the units digit of w?
4
Let k be (16 + 2)/((-12)/(-42)). Suppose -2*m + k - 3 = 0. What is the tens digit of m?
3
Let v(d) = -d**3 - 2*d**2 - d + 1. Let s be v(-2). Suppose s*u - 38 = -2. Let p = u - -15. What is the units digit of p?